{"id":99,"date":"2017-08-03T04:34:58","date_gmt":"2017-08-03T04:34:58","guid":{"rendered":"http:\/\/www.repaircafe.nc\/?page_id=99"},"modified":"2026-02-19T10:18:38","modified_gmt":"2026-02-18T23:18:38","slug":"liens","status":"publish","type":"page","link":"https:\/\/www.repaircafe.nc\/?page_id=99","title":{"rendered":"Liens"},"content":{"rendered":"<p>Nous avons choisi de vous communiquer des liens utiles pour&#8230;<\/p>\n<ul>\n<li><strong>en savoir davantage sur le Repair Caf\u00e9:<\/strong>\n<ul>\n<li><a href=\"https:\/\/repaircafe.org\/fr\" target=\"_blank\" rel=\"noopener noreferrer\">Site officiel du Repair Caf\u00e9 France<\/a><\/li>\n<\/ul>\n<\/li>\n<\/ul>\n<p><img loading=\"lazy\" decoding=\"async\" class=\"alignnone size-full wp-image-83\" src=\"https:\/\/www.repaircafe.nc\/wp-content\/uploads\/2017\/08\/Repair-cafe-7.jpg\" alt=\"\" width=\"1200\" height=\"310\" srcset=\"https:\/\/www.repaircafe.nc\/wp-content\/uploads\/2017\/08\/Repair-cafe-7.jpg 1200w, https:\/\/www.repaircafe.nc\/wp-content\/uploads\/2017\/08\/Repair-cafe-7-300x78.jpg 300w, https:\/\/www.repaircafe.nc\/wp-content\/uploads\/2017\/08\/Repair-cafe-7-768x198.jpg 768w, https:\/\/www.repaircafe.nc\/wp-content\/uploads\/2017\/08\/Repair-cafe-7-1024x265.jpg 1024w, https:\/\/www.repaircafe.nc\/wp-content\/uploads\/2017\/08\/Repair-cafe-7-900x233.jpg 900w\" sizes=\"auto, (max-width: 1200px) 100vw, 1200px\" \/><\/p>\n<ul>\n<li><strong>en savoir davantage sur Colibris en Nouvelle-Cal\u00e9donie:<\/strong>\n<ul>\n<li><a href=\"http:\/\/colibris-wiki.org\/Nouvelle-Caledonie\/wakka.php?wiki=PagePrincipale\" target=\"_blank\" rel=\"noopener noreferrer\">Site internet de Colibris en Nouvelle-Cal\u00e9donie\u00a0<\/a><\/li>\n<li><a href=\"https:\/\/fr-fr.facebook.com\/colibris.nouvelle.caledonie\" target=\"_blank\" rel=\"noopener noreferrer\">Page Facebook de Colibris Nouvelle-Cal\u00e9donie<\/a><\/li>\n<\/ul>\n<\/li>\n<\/ul>\n<p><img loading=\"lazy\" decoding=\"async\" class=\"alignnone size-full wp-image-81\" src=\"https:\/\/www.repaircafe.nc\/wp-content\/uploads\/2017\/08\/Repair-cafe-6.jpg\" alt=\"\" width=\"1200\" height=\"310\" srcset=\"https:\/\/www.repaircafe.nc\/wp-content\/uploads\/2017\/08\/Repair-cafe-6.jpg 1200w, https:\/\/www.repaircafe.nc\/wp-content\/uploads\/2017\/08\/Repair-cafe-6-300x78.jpg 300w, https:\/\/www.repaircafe.nc\/wp-content\/uploads\/2017\/08\/Repair-cafe-6-768x198.jpg 768w, https:\/\/www.repaircafe.nc\/wp-content\/uploads\/2017\/08\/Repair-cafe-6-1024x265.jpg 1024w, https:\/\/www.repaircafe.nc\/wp-content\/uploads\/2017\/08\/Repair-cafe-6-900x233.jpg 900w\" sizes=\"auto, (max-width: 1200px) 100vw, 1200px\" \/><\/p>\n<ul>\n<li><strong>connaitre des alternatives pour r\u00e9parer ou recycler vos objets:<\/strong>\n<ul>\n<li><a href=\"https:\/\/www.facebook.com\/ecorecyclage\/\" target=\"_blank\" rel=\"noopener noreferrer\">Page Facebook d&rsquo;Eco-Recycle\u00a0<\/a><\/li>\n<li><a href=\"https:\/\/www.noumea.nc\/vivre-noumea\/proprete-urbaine\/tri-des-dechets\/quais-dapport-volontaire\" target=\"_blank\" rel=\"noopener noreferrer\">Ville de Noum\u00e9a &#8211; Tri des d\u00e9chets\u00a0<\/a><\/li>\n<li><a href=\"https:\/\/fr.ifixit.com\/\" target=\"_blank\" rel=\"noopener noreferrer\">iFixit: le manuel de r\u00e9paration gratuit<\/a><\/li>\n<li><a href=\"https:\/\/www.spareka.fr\/\" target=\"_blank\" rel=\"noopener noreferrer\">Spareka<\/a><\/li>\n<li><a href=\"https:\/\/longuevieauxobjets.gouv.fr\/diagnostiquer-les-pannes\" target=\"_blank\" rel=\"noopener noreferrer\">Diagnostiquer les pannes<\/a><\/li>\n<li><a href=\"https:\/\/www.produitsdurables.fr\/\" target=\"_blank\" rel=\"noopener noreferrer\">Produits durables<\/a><\/li>\n<\/ul>\n<\/li>\n<\/ul>\n<p><img loading=\"lazy\" decoding=\"async\" class=\"alignnone size-full wp-image-78\" src=\"https:\/\/www.repaircafe.nc\/wp-content\/uploads\/2017\/08\/Repair-cafe-3.jpg\" alt=\"\" width=\"1200\" height=\"310\" srcset=\"https:\/\/www.repaircafe.nc\/wp-content\/uploads\/2017\/08\/Repair-cafe-3.jpg 1200w, https:\/\/www.repaircafe.nc\/wp-content\/uploads\/2017\/08\/Repair-cafe-3-300x78.jpg 300w, https:\/\/www.repaircafe.nc\/wp-content\/uploads\/2017\/08\/Repair-cafe-3-768x198.jpg 768w, https:\/\/www.repaircafe.nc\/wp-content\/uploads\/2017\/08\/Repair-cafe-3-1024x265.jpg 1024w, https:\/\/www.repaircafe.nc\/wp-content\/uploads\/2017\/08\/Repair-cafe-3-900x233.jpg 900w\" sizes=\"auto, (max-width: 1200px) 100vw, 1200px\" \/><\/p>\n<ul>\n<li><strong>connaitre des alternatives pour donner vos objets afin de leur permettre d&rsquo;avoir une seconde vie:<\/strong>\n<ul>\n<li>SSVP de Nouvelle-Cal\u00e9donie : <a href=\"https:\/\/www.ssvp.fr\/reseau\/ssvp-de-nouvelle-caledonie\/\" target=\"_blank\" rel=\"noopener noreferrer\">site officiel<\/a> \/ <a href=\"https:\/\/www.facebook.com\/Ssvp-Caledonie-1070460919692911\/\" target=\"_blank\" rel=\"noopener noreferrer\">Page Facebook\u00a0<\/a><\/li>\n<li>Croix Rouge de Nouvelle-Cal\u00e9donie : \u00a0<a href=\"https:\/\/croix-rouge.nc\/\" target=\"_blank\" rel=\"noopener noreferrer\">site officiel<\/a> \/ <a href=\"https:\/\/fr-fr.facebook.com\/croixrougecaledonie\" target=\"_blank\" rel=\"noopener noreferrer\">Page Facebook\u00a0<\/a><\/li>\n<li>Secours Catholique : <a href=\"http:\/\/nouvellecaledonie.secours-catholique.org\" target=\"_blank\" rel=\"noopener noreferrer\">site officiel<\/a> \/ <a href=\"https:\/\/www.facebook.com\/solidarite.nc\" target=\"_blank\" rel=\"noopener noreferrer\">Page Facebook\u00a0<\/a><\/li>\n<li>La Ressourcerie de Noum\u00e9a : <a href=\"https:\/\/www.facebook.com\/RessourcerieDeNoumea\/\" target=\"_blank\" rel=\"noopener noreferrer\">Page Facebook<\/a><\/li>\n<li>La Ressourcerie de Boulouparis :\u00a0<a href=\"_wp_link_placeholder\" data-wplink-edit=\"true\">https:\/\/www.facebook.com\/profile.php?id=6157175696464<\/a><\/li>\n<li>Je Te Donne Nouvelle-Cal\u00e9donie : <a href=\"https:\/\/nouvellecaledonie.jetedonne.online\/juin-2020-lancement-du-site-jetedonne-nouvelle-caledonie\/\" target=\"_blank\" rel=\"noopener noreferrer\">site officiel<\/a><\/li>\n<li>Free Your Stuff : <a href=\"https:\/\/www.facebook.com\/groups\/401367860066142\" target=\"_blank\" rel=\"noopener noreferrer\">Page Facebook<\/a><\/li>\n<li>Num\u00e9rique Solidaire : <a href=\"https:\/\/www.facebook.com\/NPT.NC\">Page Facebook<\/a><\/li>\n<li>Hanvie :<\/li>\n<\/ul>\n<\/li>\n<\/ul>\n","protected":false},"excerpt":{"rendered":"<p>Nous avons choisi de vous communiquer des liens utiles pour&#8230; en savoir davantage sur le Repair Caf\u00e9: Site officiel du Repair Caf\u00e9 France en savoir davantage sur Colibris en Nouvelle-Cal\u00e9donie: Site internet de Colibris en Nouvelle-Cal\u00e9donie\u00a0 Page Facebook de Colibris Nouvelle-Cal\u00e9donie connaitre des alternatives pour r\u00e9parer ou recycler vos objets: Page Facebook d&rsquo;Eco-Recycle\u00a0 Ville de [&hellip;]<\/p>\n","protected":false},"author":1,"featured_media":0,"parent":0,"menu_order":0,"comment_status":"closed","ping_status":"closed","template":"","meta":{"footnotes":""},"class_list":["post-99","page","type-page","status-publish","hentry"],"yoast_head":"<!-- This site is optimized with the Yoast SEO plugin v27.4 - https:\/\/yoast.com\/product\/yoast-seo-wordpress\/ -->\n<title>Liens - Repair Caf\u00e9 Nouvelle-Cal\u00e9donie<\/title>\n<meta name=\"robots\" content=\"index, follow, max-snippet:-1, max-image-preview:large, max-video-preview:-1\" \/>\n<link rel=\"canonical\" href=\"https:\/\/www.repaircafe.nc\/?page_id=99\" \/>\n<meta property=\"og:locale\" content=\"fr_FR\" \/>\n<meta property=\"og:type\" content=\"article\" \/>\n<meta property=\"og:title\" content=\"Liens - Repair Caf\u00e9 Nouvelle-Cal\u00e9donie\" \/>\n<meta property=\"og:description\" content=\"Nous avons choisi de vous communiquer des liens utiles pour&#8230; en savoir davantage sur le Repair Caf\u00e9: Site officiel du Repair Caf\u00e9 France en savoir davantage sur Colibris en Nouvelle-Cal\u00e9donie: Site internet de Colibris en Nouvelle-Cal\u00e9donie\u00a0 Page Facebook de Colibris Nouvelle-Cal\u00e9donie connaitre des alternatives pour r\u00e9parer ou recycler vos objets: Page Facebook d&rsquo;Eco-Recycle\u00a0 Ville de [&hellip;]\" \/>\n<meta property=\"og:url\" content=\"https:\/\/www.repaircafe.nc\/?page_id=99\" \/>\n<meta property=\"og:site_name\" content=\"Repair Caf\u00e9 Nouvelle-Cal\u00e9donie\" \/>\n<meta property=\"article:modified_time\" content=\"2026-02-18T23:18:38+00:00\" \/>\n<meta property=\"og:image\" content=\"https:\/\/www.repaircafe.nc\/wp-content\/uploads\/2017\/08\/Repair-cafe-7.jpg\" \/>\n\t<meta property=\"og:image:width\" content=\"1200\" \/>\n\t<meta property=\"og:image:height\" content=\"310\" \/>\n\t<meta property=\"og:image:type\" content=\"image\/jpeg\" \/>\n<meta name=\"twitter:card\" content=\"summary_large_image\" \/>\n<meta name=\"twitter:label1\" content=\"Dur\u00e9e de lecture estim\u00e9e\" \/>\n\t<meta name=\"twitter:data1\" content=\"2 minutes\" \/>\n<script type=\"application\/ld+json\" class=\"yoast-schema-graph\">{\"@context\":\"https:\\\/\\\/schema.org\",\"@graph\":[{\"@type\":\"WebPage\",\"@id\":\"https:\\\/\\\/www.repaircafe.nc\\\/?page_id=99\",\"url\":\"https:\\\/\\\/www.repaircafe.nc\\\/?page_id=99\",\"name\":\"Liens - Repair Caf\u00e9 Nouvelle-Cal\u00e9donie\",\"isPartOf\":{\"@id\":\"https:\\\/\\\/www.repaircafe.nc\\\/#website\"},\"primaryImageOfPage\":{\"@id\":\"https:\\\/\\\/www.repaircafe.nc\\\/?page_id=99#primaryimage\"},\"image\":{\"@id\":\"https:\\\/\\\/www.repaircafe.nc\\\/?page_id=99#primaryimage\"},\"thumbnailUrl\":\"https:\\\/\\\/www.repaircafe.nc\\\/wp-content\\\/uploads\\\/2017\\\/08\\\/Repair-cafe-7.jpg\",\"datePublished\":\"2017-08-03T04:34:58+00:00\",\"dateModified\":\"2026-02-18T23:18:38+00:00\",\"breadcrumb\":{\"@id\":\"https:\\\/\\\/www.repaircafe.nc\\\/?page_id=99#breadcrumb\"},\"inLanguage\":\"fr-FR\",\"potentialAction\":[{\"@type\":\"ReadAction\",\"target\":[\"https:\\\/\\\/www.repaircafe.nc\\\/?page_id=99\"]}]},{\"@type\":\"ImageObject\",\"inLanguage\":\"fr-FR\",\"@id\":\"https:\\\/\\\/www.repaircafe.nc\\\/?page_id=99#primaryimage\",\"url\":\"https:\\\/\\\/www.repaircafe.nc\\\/wp-content\\\/uploads\\\/2017\\\/08\\\/Repair-cafe-7.jpg\",\"contentUrl\":\"https:\\\/\\\/www.repaircafe.nc\\\/wp-content\\\/uploads\\\/2017\\\/08\\\/Repair-cafe-7.jpg\",\"width\":1200,\"height\":310},{\"@type\":\"BreadcrumbList\",\"@id\":\"https:\\\/\\\/www.repaircafe.nc\\\/?page_id=99#breadcrumb\",\"itemListElement\":[{\"@type\":\"ListItem\",\"position\":1,\"name\":\"Accueil\",\"item\":\"https:\\\/\\\/www.repaircafe.nc\\\/\"},{\"@type\":\"ListItem\",\"position\":2,\"name\":\"Liens\"}]},{\"@type\":\"WebSite\",\"@id\":\"https:\\\/\\\/www.repaircafe.nc\\\/#website\",\"url\":\"https:\\\/\\\/www.repaircafe.nc\\\/\",\"name\":\"Repair Caf\u00e9 Nouvelle-Cal\u00e9donie\",\"description\":\"\",\"potentialAction\":[{\"@type\":\"SearchAction\",\"target\":{\"@type\":\"EntryPoint\",\"urlTemplate\":\"https:\\\/\\\/www.repaircafe.nc\\\/?s={search_term_string}\"},\"query-input\":{\"@type\":\"PropertyValueSpecification\",\"valueRequired\":true,\"valueName\":\"search_term_string\"}}],\"inLanguage\":\"fr-FR\"}]}<\/script>\n<!-- \/ Yoast SEO plugin. -->","yoast_head_json":{"title":"Liens - Repair Caf\u00e9 Nouvelle-Cal\u00e9donie","robots":{"index":"index","follow":"follow","max-snippet":"max-snippet:-1","max-image-preview":"max-image-preview:large","max-video-preview":"max-video-preview:-1"},"canonical":"https:\/\/www.repaircafe.nc\/?page_id=99","og_locale":"fr_FR","og_type":"article","og_title":"Liens - Repair Caf\u00e9 Nouvelle-Cal\u00e9donie","og_description":"Nous avons choisi de vous communiquer des liens utiles pour&#8230; en savoir davantage sur le Repair Caf\u00e9: Site officiel du Repair Caf\u00e9 France en savoir davantage sur Colibris en Nouvelle-Cal\u00e9donie: Site internet de Colibris en Nouvelle-Cal\u00e9donie\u00a0 Page Facebook de Colibris Nouvelle-Cal\u00e9donie connaitre des alternatives pour r\u00e9parer ou recycler vos objets: Page Facebook d&rsquo;Eco-Recycle\u00a0 Ville de [&hellip;]","og_url":"https:\/\/www.repaircafe.nc\/?page_id=99","og_site_name":"Repair Caf\u00e9 Nouvelle-Cal\u00e9donie","article_modified_time":"2026-02-18T23:18:38+00:00","og_image":[{"width":1200,"height":310,"url":"https:\/\/www.repaircafe.nc\/wp-content\/uploads\/2017\/08\/Repair-cafe-7.jpg","type":"image\/jpeg"}],"twitter_card":"summary_large_image","twitter_misc":{"Dur\u00e9e de lecture estim\u00e9e":"2 minutes"},"schema":{"@context":"https:\/\/schema.org","@graph":[{"@type":"WebPage","@id":"https:\/\/www.repaircafe.nc\/?page_id=99","url":"https:\/\/www.repaircafe.nc\/?page_id=99","name":"Liens - Repair Caf\u00e9 Nouvelle-Cal\u00e9donie","isPartOf":{"@id":"https:\/\/www.repaircafe.nc\/#website"},"primaryImageOfPage":{"@id":"https:\/\/www.repaircafe.nc\/?page_id=99#primaryimage"},"image":{"@id":"https:\/\/www.repaircafe.nc\/?page_id=99#primaryimage"},"thumbnailUrl":"https:\/\/www.repaircafe.nc\/wp-content\/uploads\/2017\/08\/Repair-cafe-7.jpg","datePublished":"2017-08-03T04:34:58+00:00","dateModified":"2026-02-18T23:18:38+00:00","breadcrumb":{"@id":"https:\/\/www.repaircafe.nc\/?page_id=99#breadcrumb"},"inLanguage":"fr-FR","potentialAction":[{"@type":"ReadAction","target":["https:\/\/www.repaircafe.nc\/?page_id=99"]}]},{"@type":"ImageObject","inLanguage":"fr-FR","@id":"https:\/\/www.repaircafe.nc\/?page_id=99#primaryimage","url":"https:\/\/www.repaircafe.nc\/wp-content\/uploads\/2017\/08\/Repair-cafe-7.jpg","contentUrl":"https:\/\/www.repaircafe.nc\/wp-content\/uploads\/2017\/08\/Repair-cafe-7.jpg","width":1200,"height":310},{"@type":"BreadcrumbList","@id":"https:\/\/www.repaircafe.nc\/?page_id=99#breadcrumb","itemListElement":[{"@type":"ListItem","position":1,"name":"Accueil","item":"https:\/\/www.repaircafe.nc\/"},{"@type":"ListItem","position":2,"name":"Liens"}]},{"@type":"WebSite","@id":"https:\/\/www.repaircafe.nc\/#website","url":"https:\/\/www.repaircafe.nc\/","name":"Repair Caf\u00e9 Nouvelle-Cal\u00e9donie","description":"","potentialAction":[{"@type":"SearchAction","target":{"@type":"EntryPoint","urlTemplate":"https:\/\/www.repaircafe.nc\/?s={search_term_string}"},"query-input":{"@type":"PropertyValueSpecification","valueRequired":true,"valueName":"search_term_string"}}],"inLanguage":"fr-FR"}]}},"_links":{"self":[{"href":"https:\/\/www.repaircafe.nc\/index.php?rest_route=\/wp\/v2\/pages\/99","targetHints":{"allow":["GET"]}}],"collection":[{"href":"https:\/\/www.repaircafe.nc\/index.php?rest_route=\/wp\/v2\/pages"}],"about":[{"href":"https:\/\/www.repaircafe.nc\/index.php?rest_route=\/wp\/v2\/types\/page"}],"author":[{"embeddable":true,"href":"https:\/\/www.repaircafe.nc\/index.php?rest_route=\/wp\/v2\/users\/1"}],"replies":[{"embeddable":true,"href":"https:\/\/www.repaircafe.nc\/index.php?rest_route=%2Fwp%2Fv2%2Fcomments&post=99"}],"version-history":[{"count":5,"href":"https:\/\/www.repaircafe.nc\/index.php?rest_route=\/wp\/v2\/pages\/99\/revisions"}],"predecessor-version":[{"id":2641,"href":"https:\/\/www.repaircafe.nc\/index.php?rest_route=\/wp\/v2\/pages\/99\/revisions\/2641"}],"wp:attachment":[{"href":"https:\/\/www.repaircafe.nc\/index.php?rest_route=%2Fwp%2Fv2%2Fmedia&parent=99"}],"curies":[{"name":"wp","href":"https:\/\/api.w.org\/{rel}","templated":true}]}}