{"id":21,"date":"2017-08-01T03:02:42","date_gmt":"2017-08-01T03:02:42","guid":{"rendered":"http:\/\/www.repaircafe.nc\/?page_id=21"},"modified":"2019-01-27T01:47:13","modified_gmt":"2019-01-27T01:47:13","slug":"devenez-benevole","status":"publish","type":"page","link":"https:\/\/www.repaircafe.nc\/?page_id=21","title":{"rendered":"B\u00e9n\u00e9voles"},"content":{"rendered":"<p><em>Vous \u00eates d\u00e9j\u00e0 b\u00e9n\u00e9vole : <a href=\"\/?page_id=578\">connectez-vous<\/a> !<\/em><\/p>\n<p><strong>\u00catre b\u00e9n\u00e9vole au Repair Caf\u00e9, c&rsquo;est quoi?<\/strong><\/p>\n<p>C&rsquo;est avant tout le plaisir de <strong>r\u00e9parer<\/strong> pour \u00e9viter de jeter ! Mais c&rsquo;est aussi <strong>partager<\/strong> ses savoirs et savoir-faire pour <strong>aider les autres<\/strong>. C&rsquo;est une occasion de se rencontrer et d&rsquo;\u00e9changer ses connaissances lors d&rsquo;un moment <strong>convivial<\/strong>.<\/p>\n<p>Participer au Repair Caf\u00e9, c&rsquo;est une fa\u00e7on de s&rsquo;impliquer dans une <strong>d\u00e9marche \u00e9cologique et \u00e9conomique<\/strong>, de contribuer \u00e0 la r\u00e9duction des d\u00e9chets et de limiter le gaspillage.<\/p>\n<p>Il n&rsquo;y a pas besoin d&rsquo;adh\u00e9rer mais simplement de venir et de participer quand vous le souhaitez : le Repair Caf\u00e9 est un <strong>mouvement citoyen<\/strong> de r\u00e9parateur.rice.s b\u00e9n\u00e9voles.<\/p>\n<p><img loading=\"lazy\" decoding=\"async\" class=\"aligncenter wp-image-78 size-large\" src=\"https:\/\/www.repaircafe.nc\/wp-content\/uploads\/2017\/08\/Repair-cafe-3-1024x265.jpg\" alt=\"\" width=\"629\" height=\"163\" srcset=\"https:\/\/www.repaircafe.nc\/wp-content\/uploads\/2017\/08\/Repair-cafe-3-1024x265.jpg 1024w, https:\/\/www.repaircafe.nc\/wp-content\/uploads\/2017\/08\/Repair-cafe-3-300x78.jpg 300w, https:\/\/www.repaircafe.nc\/wp-content\/uploads\/2017\/08\/Repair-cafe-3-768x198.jpg 768w, https:\/\/www.repaircafe.nc\/wp-content\/uploads\/2017\/08\/Repair-cafe-3-900x233.jpg 900w, https:\/\/www.repaircafe.nc\/wp-content\/uploads\/2017\/08\/Repair-cafe-3.jpg 1200w\" sizes=\"auto, (max-width: 629px) 100vw, 629px\" \/><\/p>\n<p><strong>Vous souhaitez devenir b\u00e9n\u00e9vole\u00a0?<\/strong><\/p>\n<p>L&rsquo;\u00e9quipe du Repair Caf\u00e9 est toujours ouverte aux nouveaux b\u00e9n\u00e9voles. Vous souhaitez apporter votre aide pour :<\/p>\n<ul>\n<li><strong>diagnostiquer et\/ou r\u00e9parer des petits appareils \u00e9lectroniques ou \u00e9lectriques<\/strong><\/li>\n<li><strong>r\u00e9parer ou raccommoder des v\u00eatements ou des tissus<\/strong><\/li>\n<li><strong>r\u00e9parer des petits appareils m\u00e9caniques<\/strong><\/li>\n<li><strong>r\u00e9parer et\/ou r\u00e9gler des v\u00e9los<\/strong><\/li>\n<li><strong>donner des conseils et astuces en informatique et Internet<\/strong><\/li>\n<li><strong>effectuer diverses r\u00e9parations ou r\u00e9glages<\/strong><\/li>\n<li><strong>accueillir et guider le public <\/strong><\/li>\n<\/ul>\n<p style=\"text-align: center;\"><strong><a class=\"maxbutton-3 maxbutton maxbutton-contactez-nous\" href=\"\/?page_id=37\"><span class='mb-text'>Contactez-nous !<\/span><\/a><\/strong><\/p>\n<p><img loading=\"lazy\" decoding=\"async\" class=\"alignnone size-full wp-image-81\" src=\"https:\/\/www.repaircafe.nc\/wp-content\/uploads\/2017\/08\/Repair-cafe-6.jpg\" alt=\"\" width=\"1200\" height=\"310\" srcset=\"https:\/\/www.repaircafe.nc\/wp-content\/uploads\/2017\/08\/Repair-cafe-6.jpg 1200w, https:\/\/www.repaircafe.nc\/wp-content\/uploads\/2017\/08\/Repair-cafe-6-300x78.jpg 300w, https:\/\/www.repaircafe.nc\/wp-content\/uploads\/2017\/08\/Repair-cafe-6-768x198.jpg 768w, https:\/\/www.repaircafe.nc\/wp-content\/uploads\/2017\/08\/Repair-cafe-6-1024x265.jpg 1024w, https:\/\/www.repaircafe.nc\/wp-content\/uploads\/2017\/08\/Repair-cafe-6-900x233.jpg 900w\" sizes=\"auto, (max-width: 1200px) 100vw, 1200px\" \/><\/p>\n","protected":false},"excerpt":{"rendered":"<p>Vous \u00eates d\u00e9j\u00e0 b\u00e9n\u00e9vole : connectez-vous ! \u00catre b\u00e9n\u00e9vole au Repair Caf\u00e9, c&rsquo;est quoi? C&rsquo;est avant tout le plaisir de r\u00e9parer pour \u00e9viter de jeter ! Mais c&rsquo;est aussi partager ses savoirs et savoir-faire pour aider les autres. C&rsquo;est une occasion de se rencontrer et d&rsquo;\u00e9changer ses connaissances lors d&rsquo;un moment convivial. Participer au Repair [&hellip;]<\/p>\n","protected":false},"author":1,"featured_media":0,"parent":0,"menu_order":0,"comment_status":"closed","ping_status":"closed","template":"","meta":{"footnotes":""},"class_list":["post-21","page","type-page","status-publish","hentry"],"yoast_head":"<!-- This site is optimized with the Yoast SEO plugin v27.4 - https:\/\/yoast.com\/product\/yoast-seo-wordpress\/ -->\n<title>B\u00e9n\u00e9voles - Repair Caf\u00e9 Nouvelle-Cal\u00e9donie<\/title>\n<meta name=\"robots\" content=\"index, follow, max-snippet:-1, max-image-preview:large, max-video-preview:-1\" \/>\n<link rel=\"canonical\" href=\"https:\/\/www.repaircafe.nc\/?page_id=21\" \/>\n<meta property=\"og:locale\" content=\"fr_FR\" \/>\n<meta property=\"og:type\" content=\"article\" \/>\n<meta property=\"og:title\" content=\"B\u00e9n\u00e9voles - Repair Caf\u00e9 Nouvelle-Cal\u00e9donie\" \/>\n<meta property=\"og:description\" content=\"Vous \u00eates d\u00e9j\u00e0 b\u00e9n\u00e9vole : connectez-vous ! \u00catre b\u00e9n\u00e9vole au Repair Caf\u00e9, c&rsquo;est quoi? C&rsquo;est avant tout le plaisir de r\u00e9parer pour \u00e9viter de jeter ! Mais c&rsquo;est aussi partager ses savoirs et savoir-faire pour aider les autres. C&rsquo;est une occasion de se rencontrer et d&rsquo;\u00e9changer ses connaissances lors d&rsquo;un moment convivial. Participer au Repair [&hellip;]\" \/>\n<meta property=\"og:url\" content=\"https:\/\/www.repaircafe.nc\/?page_id=21\" \/>\n<meta property=\"og:site_name\" content=\"Repair Caf\u00e9 Nouvelle-Cal\u00e9donie\" \/>\n<meta property=\"article:modified_time\" content=\"2019-01-27T01:47:13+00:00\" \/>\n<meta property=\"og:image\" content=\"https:\/\/www.repaircafe.nc\/wp-content\/uploads\/2017\/08\/Repair-cafe-3-1024x265.jpg\" \/>\n<meta name=\"twitter:card\" content=\"summary_large_image\" \/>\n<meta name=\"twitter:label1\" content=\"Dur\u00e9e de lecture estim\u00e9e\" \/>\n\t<meta name=\"twitter:data1\" content=\"1 minute\" \/>\n<script type=\"application\/ld+json\" class=\"yoast-schema-graph\">{\"@context\":\"https:\\\/\\\/schema.org\",\"@graph\":[{\"@type\":\"WebPage\",\"@id\":\"https:\\\/\\\/www.repaircafe.nc\\\/?page_id=21\",\"url\":\"https:\\\/\\\/www.repaircafe.nc\\\/?page_id=21\",\"name\":\"B\u00e9n\u00e9voles - Repair Caf\u00e9 Nouvelle-Cal\u00e9donie\",\"isPartOf\":{\"@id\":\"https:\\\/\\\/www.repaircafe.nc\\\/#website\"},\"primaryImageOfPage\":{\"@id\":\"https:\\\/\\\/www.repaircafe.nc\\\/?page_id=21#primaryimage\"},\"image\":{\"@id\":\"https:\\\/\\\/www.repaircafe.nc\\\/?page_id=21#primaryimage\"},\"thumbnailUrl\":\"https:\\\/\\\/www.repaircafe.nc\\\/wp-content\\\/uploads\\\/2017\\\/08\\\/Repair-cafe-3-1024x265.jpg\",\"datePublished\":\"2017-08-01T03:02:42+00:00\",\"dateModified\":\"2019-01-27T01:47:13+00:00\",\"breadcrumb\":{\"@id\":\"https:\\\/\\\/www.repaircafe.nc\\\/?page_id=21#breadcrumb\"},\"inLanguage\":\"fr-FR\",\"potentialAction\":[{\"@type\":\"ReadAction\",\"target\":[\"https:\\\/\\\/www.repaircafe.nc\\\/?page_id=21\"]}]},{\"@type\":\"ImageObject\",\"inLanguage\":\"fr-FR\",\"@id\":\"https:\\\/\\\/www.repaircafe.nc\\\/?page_id=21#primaryimage\",\"url\":\"https:\\\/\\\/www.repaircafe.nc\\\/wp-content\\\/uploads\\\/2017\\\/08\\\/Repair-cafe-3.jpg\",\"contentUrl\":\"https:\\\/\\\/www.repaircafe.nc\\\/wp-content\\\/uploads\\\/2017\\\/08\\\/Repair-cafe-3.jpg\",\"width\":1200,\"height\":310},{\"@type\":\"BreadcrumbList\",\"@id\":\"https:\\\/\\\/www.repaircafe.nc\\\/?page_id=21#breadcrumb\",\"itemListElement\":[{\"@type\":\"ListItem\",\"position\":1,\"name\":\"Accueil\",\"item\":\"https:\\\/\\\/www.repaircafe.nc\\\/\"},{\"@type\":\"ListItem\",\"position\":2,\"name\":\"B\u00e9n\u00e9voles\"}]},{\"@type\":\"WebSite\",\"@id\":\"https:\\\/\\\/www.repaircafe.nc\\\/#website\",\"url\":\"https:\\\/\\\/www.repaircafe.nc\\\/\",\"name\":\"Repair Caf\u00e9 Nouvelle-Cal\u00e9donie\",\"description\":\"\",\"potentialAction\":[{\"@type\":\"SearchAction\",\"target\":{\"@type\":\"EntryPoint\",\"urlTemplate\":\"https:\\\/\\\/www.repaircafe.nc\\\/?s={search_term_string}\"},\"query-input\":{\"@type\":\"PropertyValueSpecification\",\"valueRequired\":true,\"valueName\":\"search_term_string\"}}],\"inLanguage\":\"fr-FR\"}]}<\/script>\n<!-- \/ Yoast SEO plugin. -->","yoast_head_json":{"title":"B\u00e9n\u00e9voles - Repair Caf\u00e9 Nouvelle-Cal\u00e9donie","robots":{"index":"index","follow":"follow","max-snippet":"max-snippet:-1","max-image-preview":"max-image-preview:large","max-video-preview":"max-video-preview:-1"},"canonical":"https:\/\/www.repaircafe.nc\/?page_id=21","og_locale":"fr_FR","og_type":"article","og_title":"B\u00e9n\u00e9voles - Repair Caf\u00e9 Nouvelle-Cal\u00e9donie","og_description":"Vous \u00eates d\u00e9j\u00e0 b\u00e9n\u00e9vole : connectez-vous ! \u00catre b\u00e9n\u00e9vole au Repair Caf\u00e9, c&rsquo;est quoi? C&rsquo;est avant tout le plaisir de r\u00e9parer pour \u00e9viter de jeter ! Mais c&rsquo;est aussi partager ses savoirs et savoir-faire pour aider les autres. C&rsquo;est une occasion de se rencontrer et d&rsquo;\u00e9changer ses connaissances lors d&rsquo;un moment convivial. Participer au Repair [&hellip;]","og_url":"https:\/\/www.repaircafe.nc\/?page_id=21","og_site_name":"Repair Caf\u00e9 Nouvelle-Cal\u00e9donie","article_modified_time":"2019-01-27T01:47:13+00:00","og_image":[{"url":"https:\/\/www.repaircafe.nc\/wp-content\/uploads\/2017\/08\/Repair-cafe-3-1024x265.jpg","type":"","width":"","height":""}],"twitter_card":"summary_large_image","twitter_misc":{"Dur\u00e9e de lecture estim\u00e9e":"1 minute"},"schema":{"@context":"https:\/\/schema.org","@graph":[{"@type":"WebPage","@id":"https:\/\/www.repaircafe.nc\/?page_id=21","url":"https:\/\/www.repaircafe.nc\/?page_id=21","name":"B\u00e9n\u00e9voles - Repair Caf\u00e9 Nouvelle-Cal\u00e9donie","isPartOf":{"@id":"https:\/\/www.repaircafe.nc\/#website"},"primaryImageOfPage":{"@id":"https:\/\/www.repaircafe.nc\/?page_id=21#primaryimage"},"image":{"@id":"https:\/\/www.repaircafe.nc\/?page_id=21#primaryimage"},"thumbnailUrl":"https:\/\/www.repaircafe.nc\/wp-content\/uploads\/2017\/08\/Repair-cafe-3-1024x265.jpg","datePublished":"2017-08-01T03:02:42+00:00","dateModified":"2019-01-27T01:47:13+00:00","breadcrumb":{"@id":"https:\/\/www.repaircafe.nc\/?page_id=21#breadcrumb"},"inLanguage":"fr-FR","potentialAction":[{"@type":"ReadAction","target":["https:\/\/www.repaircafe.nc\/?page_id=21"]}]},{"@type":"ImageObject","inLanguage":"fr-FR","@id":"https:\/\/www.repaircafe.nc\/?page_id=21#primaryimage","url":"https:\/\/www.repaircafe.nc\/wp-content\/uploads\/2017\/08\/Repair-cafe-3.jpg","contentUrl":"https:\/\/www.repaircafe.nc\/wp-content\/uploads\/2017\/08\/Repair-cafe-3.jpg","width":1200,"height":310},{"@type":"BreadcrumbList","@id":"https:\/\/www.repaircafe.nc\/?page_id=21#breadcrumb","itemListElement":[{"@type":"ListItem","position":1,"name":"Accueil","item":"https:\/\/www.repaircafe.nc\/"},{"@type":"ListItem","position":2,"name":"B\u00e9n\u00e9voles"}]},{"@type":"WebSite","@id":"https:\/\/www.repaircafe.nc\/#website","url":"https:\/\/www.repaircafe.nc\/","name":"Repair Caf\u00e9 Nouvelle-Cal\u00e9donie","description":"","potentialAction":[{"@type":"SearchAction","target":{"@type":"EntryPoint","urlTemplate":"https:\/\/www.repaircafe.nc\/?s={search_term_string}"},"query-input":{"@type":"PropertyValueSpecification","valueRequired":true,"valueName":"search_term_string"}}],"inLanguage":"fr-FR"}]}},"_links":{"self":[{"href":"https:\/\/www.repaircafe.nc\/index.php?rest_route=\/wp\/v2\/pages\/21","targetHints":{"allow":["GET"]}}],"collection":[{"href":"https:\/\/www.repaircafe.nc\/index.php?rest_route=\/wp\/v2\/pages"}],"about":[{"href":"https:\/\/www.repaircafe.nc\/index.php?rest_route=\/wp\/v2\/types\/page"}],"author":[{"embeddable":true,"href":"https:\/\/www.repaircafe.nc\/index.php?rest_route=\/wp\/v2\/users\/1"}],"replies":[{"embeddable":true,"href":"https:\/\/www.repaircafe.nc\/index.php?rest_route=%2Fwp%2Fv2%2Fcomments&post=21"}],"version-history":[{"count":0,"href":"https:\/\/www.repaircafe.nc\/index.php?rest_route=\/wp\/v2\/pages\/21\/revisions"}],"wp:attachment":[{"href":"https:\/\/www.repaircafe.nc\/index.php?rest_route=%2Fwp%2Fv2%2Fmedia&parent=21"}],"curies":[{"name":"wp","href":"https:\/\/api.w.org\/{rel}","templated":true}]}}