{"id":14,"date":"2017-08-01T02:57:20","date_gmt":"2017-08-01T02:57:20","guid":{"rendered":"http:\/\/www.repaircafe.nc\/?page_id=14"},"modified":"2017-08-21T02:28:30","modified_gmt":"2017-08-21T02:28:30","slug":"presentation-du-concept","status":"publish","type":"page","link":"https:\/\/www.repaircafe.nc\/?page_id=14","title":{"rendered":"Pr\u00e9sentation du concept"},"content":{"rendered":"<p>Vous ne connaissez pas encore le concept du Repair Caf\u00e9 ? Nous vous invitons \u00e0 d\u00e9couvrir cette rubrique qui vous en dira bien plus !<\/p>\n<ul>\n<li><strong><a href=\"https:\/\/www.repaircafe.nc\/?page_id=114\">C&rsquo;est quoi ?<\/a><\/strong><\/li>\n<li><strong><a href=\"https:\/\/www.repaircafe.nc\/?page_id=115\">Pourquoi ?<\/a><\/strong><\/li>\n<li><strong><a href=\"https:\/\/www.repaircafe.nc\/?page_id=116\">Histoire du Repair Caf\u00e9<\/a><\/strong><\/li>\n<li><strong><a href=\"https:\/\/www.repaircafe.nc\/?page_id=24\">Le r\u00e8glement<\/a><\/strong><\/li>\n<\/ul>\n<p>&nbsp;<\/p>\n<div class=\"row\"><img loading=\"lazy\" decoding=\"async\" class=\"alignnone size-full wp-image-83\" src=\"https:\/\/www.repaircafe.nc\/wp-content\/uploads\/2017\/08\/Repair-cafe-7.jpg\" alt=\"\" width=\"1200\" height=\"310\" srcset=\"https:\/\/www.repaircafe.nc\/wp-content\/uploads\/2017\/08\/Repair-cafe-7.jpg 1200w, https:\/\/www.repaircafe.nc\/wp-content\/uploads\/2017\/08\/Repair-cafe-7-300x78.jpg 300w, https:\/\/www.repaircafe.nc\/wp-content\/uploads\/2017\/08\/Repair-cafe-7-768x198.jpg 768w, https:\/\/www.repaircafe.nc\/wp-content\/uploads\/2017\/08\/Repair-cafe-7-1024x265.jpg 1024w, https:\/\/www.repaircafe.nc\/wp-content\/uploads\/2017\/08\/Repair-cafe-7-900x233.jpg 900w\" sizes=\"auto, (max-width: 1200px) 100vw, 1200px\" \/><\/div>\n","protected":false},"excerpt":{"rendered":"<p>Vous ne connaissez pas encore le concept du Repair Caf\u00e9 ? Nous vous invitons \u00e0 d\u00e9couvrir cette rubrique qui vous en dira bien plus ! C&rsquo;est quoi ? Pourquoi ? Histoire du Repair Caf\u00e9 Le r\u00e8glement &nbsp;<\/p>\n","protected":false},"author":1,"featured_media":0,"parent":0,"menu_order":0,"comment_status":"closed","ping_status":"closed","template":"","meta":{"footnotes":""},"class_list":["post-14","page","type-page","status-publish","hentry"],"yoast_head":"<!-- This site is optimized with the Yoast SEO plugin v27.4 - https:\/\/yoast.com\/product\/yoast-seo-wordpress\/ -->\n<title>Pr\u00e9sentation du concept - Repair Caf\u00e9 Nouvelle-Cal\u00e9donie<\/title>\n<meta name=\"robots\" content=\"index, follow, max-snippet:-1, max-image-preview:large, max-video-preview:-1\" \/>\n<link rel=\"canonical\" href=\"https:\/\/www.repaircafe.nc\/?page_id=14\" \/>\n<meta property=\"og:locale\" content=\"fr_FR\" \/>\n<meta property=\"og:type\" content=\"article\" \/>\n<meta property=\"og:title\" content=\"Pr\u00e9sentation du concept - Repair Caf\u00e9 Nouvelle-Cal\u00e9donie\" \/>\n<meta property=\"og:description\" content=\"Vous ne connaissez pas encore le concept du Repair Caf\u00e9 ? Nous vous invitons \u00e0 d\u00e9couvrir cette rubrique qui vous en dira bien plus ! C&rsquo;est quoi ? Pourquoi ? Histoire du Repair Caf\u00e9 Le r\u00e8glement &nbsp;\" \/>\n<meta property=\"og:url\" content=\"https:\/\/www.repaircafe.nc\/?page_id=14\" \/>\n<meta property=\"og:site_name\" content=\"Repair Caf\u00e9 Nouvelle-Cal\u00e9donie\" \/>\n<meta property=\"article:modified_time\" content=\"2017-08-21T02:28:30+00:00\" \/>\n<meta property=\"og:image\" content=\"https:\/\/www.repaircafe.nc\/wp-content\/uploads\/2017\/08\/Repair-cafe-7.jpg\" \/>\n<meta name=\"twitter:card\" content=\"summary_large_image\" \/>\n<script type=\"application\/ld+json\" class=\"yoast-schema-graph\">{\"@context\":\"https:\\\/\\\/schema.org\",\"@graph\":[{\"@type\":\"WebPage\",\"@id\":\"https:\\\/\\\/www.repaircafe.nc\\\/?page_id=14\",\"url\":\"https:\\\/\\\/www.repaircafe.nc\\\/?page_id=14\",\"name\":\"Pr\u00e9sentation du concept - Repair Caf\u00e9 Nouvelle-Cal\u00e9donie\",\"isPartOf\":{\"@id\":\"https:\\\/\\\/www.repaircafe.nc\\\/#website\"},\"primaryImageOfPage\":{\"@id\":\"https:\\\/\\\/www.repaircafe.nc\\\/?page_id=14#primaryimage\"},\"image\":{\"@id\":\"https:\\\/\\\/www.repaircafe.nc\\\/?page_id=14#primaryimage\"},\"thumbnailUrl\":\"https:\\\/\\\/www.repaircafe.nc\\\/wp-content\\\/uploads\\\/2017\\\/08\\\/Repair-cafe-7.jpg\",\"datePublished\":\"2017-08-01T02:57:20+00:00\",\"dateModified\":\"2017-08-21T02:28:30+00:00\",\"breadcrumb\":{\"@id\":\"https:\\\/\\\/www.repaircafe.nc\\\/?page_id=14#breadcrumb\"},\"inLanguage\":\"fr-FR\",\"potentialAction\":[{\"@type\":\"ReadAction\",\"target\":[\"https:\\\/\\\/www.repaircafe.nc\\\/?page_id=14\"]}]},{\"@type\":\"ImageObject\",\"inLanguage\":\"fr-FR\",\"@id\":\"https:\\\/\\\/www.repaircafe.nc\\\/?page_id=14#primaryimage\",\"url\":\"https:\\\/\\\/www.repaircafe.nc\\\/wp-content\\\/uploads\\\/2017\\\/08\\\/Repair-cafe-7.jpg\",\"contentUrl\":\"https:\\\/\\\/www.repaircafe.nc\\\/wp-content\\\/uploads\\\/2017\\\/08\\\/Repair-cafe-7.jpg\",\"width\":1200,\"height\":310},{\"@type\":\"BreadcrumbList\",\"@id\":\"https:\\\/\\\/www.repaircafe.nc\\\/?page_id=14#breadcrumb\",\"itemListElement\":[{\"@type\":\"ListItem\",\"position\":1,\"name\":\"Accueil\",\"item\":\"https:\\\/\\\/www.repaircafe.nc\\\/\"},{\"@type\":\"ListItem\",\"position\":2,\"name\":\"Pr\u00e9sentation du concept\"}]},{\"@type\":\"WebSite\",\"@id\":\"https:\\\/\\\/www.repaircafe.nc\\\/#website\",\"url\":\"https:\\\/\\\/www.repaircafe.nc\\\/\",\"name\":\"Repair Caf\u00e9 Nouvelle-Cal\u00e9donie\",\"description\":\"\",\"potentialAction\":[{\"@type\":\"SearchAction\",\"target\":{\"@type\":\"EntryPoint\",\"urlTemplate\":\"https:\\\/\\\/www.repaircafe.nc\\\/?s={search_term_string}\"},\"query-input\":{\"@type\":\"PropertyValueSpecification\",\"valueRequired\":true,\"valueName\":\"search_term_string\"}}],\"inLanguage\":\"fr-FR\"}]}<\/script>\n<!-- \/ Yoast SEO plugin. -->","yoast_head_json":{"title":"Pr\u00e9sentation du concept - Repair Caf\u00e9 Nouvelle-Cal\u00e9donie","robots":{"index":"index","follow":"follow","max-snippet":"max-snippet:-1","max-image-preview":"max-image-preview:large","max-video-preview":"max-video-preview:-1"},"canonical":"https:\/\/www.repaircafe.nc\/?page_id=14","og_locale":"fr_FR","og_type":"article","og_title":"Pr\u00e9sentation du concept - Repair Caf\u00e9 Nouvelle-Cal\u00e9donie","og_description":"Vous ne connaissez pas encore le concept du Repair Caf\u00e9 ? Nous vous invitons \u00e0 d\u00e9couvrir cette rubrique qui vous en dira bien plus ! C&rsquo;est quoi ? Pourquoi ? Histoire du Repair Caf\u00e9 Le r\u00e8glement &nbsp;","og_url":"https:\/\/www.repaircafe.nc\/?page_id=14","og_site_name":"Repair Caf\u00e9 Nouvelle-Cal\u00e9donie","article_modified_time":"2017-08-21T02:28:30+00:00","og_image":[{"url":"https:\/\/www.repaircafe.nc\/wp-content\/uploads\/2017\/08\/Repair-cafe-7.jpg","type":"","width":"","height":""}],"twitter_card":"summary_large_image","schema":{"@context":"https:\/\/schema.org","@graph":[{"@type":"WebPage","@id":"https:\/\/www.repaircafe.nc\/?page_id=14","url":"https:\/\/www.repaircafe.nc\/?page_id=14","name":"Pr\u00e9sentation du concept - Repair Caf\u00e9 Nouvelle-Cal\u00e9donie","isPartOf":{"@id":"https:\/\/www.repaircafe.nc\/#website"},"primaryImageOfPage":{"@id":"https:\/\/www.repaircafe.nc\/?page_id=14#primaryimage"},"image":{"@id":"https:\/\/www.repaircafe.nc\/?page_id=14#primaryimage"},"thumbnailUrl":"https:\/\/www.repaircafe.nc\/wp-content\/uploads\/2017\/08\/Repair-cafe-7.jpg","datePublished":"2017-08-01T02:57:20+00:00","dateModified":"2017-08-21T02:28:30+00:00","breadcrumb":{"@id":"https:\/\/www.repaircafe.nc\/?page_id=14#breadcrumb"},"inLanguage":"fr-FR","potentialAction":[{"@type":"ReadAction","target":["https:\/\/www.repaircafe.nc\/?page_id=14"]}]},{"@type":"ImageObject","inLanguage":"fr-FR","@id":"https:\/\/www.repaircafe.nc\/?page_id=14#primaryimage","url":"https:\/\/www.repaircafe.nc\/wp-content\/uploads\/2017\/08\/Repair-cafe-7.jpg","contentUrl":"https:\/\/www.repaircafe.nc\/wp-content\/uploads\/2017\/08\/Repair-cafe-7.jpg","width":1200,"height":310},{"@type":"BreadcrumbList","@id":"https:\/\/www.repaircafe.nc\/?page_id=14#breadcrumb","itemListElement":[{"@type":"ListItem","position":1,"name":"Accueil","item":"https:\/\/www.repaircafe.nc\/"},{"@type":"ListItem","position":2,"name":"Pr\u00e9sentation du concept"}]},{"@type":"WebSite","@id":"https:\/\/www.repaircafe.nc\/#website","url":"https:\/\/www.repaircafe.nc\/","name":"Repair Caf\u00e9 Nouvelle-Cal\u00e9donie","description":"","potentialAction":[{"@type":"SearchAction","target":{"@type":"EntryPoint","urlTemplate":"https:\/\/www.repaircafe.nc\/?s={search_term_string}"},"query-input":{"@type":"PropertyValueSpecification","valueRequired":true,"valueName":"search_term_string"}}],"inLanguage":"fr-FR"}]}},"_links":{"self":[{"href":"https:\/\/www.repaircafe.nc\/index.php?rest_route=\/wp\/v2\/pages\/14","targetHints":{"allow":["GET"]}}],"collection":[{"href":"https:\/\/www.repaircafe.nc\/index.php?rest_route=\/wp\/v2\/pages"}],"about":[{"href":"https:\/\/www.repaircafe.nc\/index.php?rest_route=\/wp\/v2\/types\/page"}],"author":[{"embeddable":true,"href":"https:\/\/www.repaircafe.nc\/index.php?rest_route=\/wp\/v2\/users\/1"}],"replies":[{"embeddable":true,"href":"https:\/\/www.repaircafe.nc\/index.php?rest_route=%2Fwp%2Fv2%2Fcomments&post=14"}],"version-history":[{"count":0,"href":"https:\/\/www.repaircafe.nc\/index.php?rest_route=\/wp\/v2\/pages\/14\/revisions"}],"wp:attachment":[{"href":"https:\/\/www.repaircafe.nc\/index.php?rest_route=%2Fwp%2Fv2%2Fmedia&parent=14"}],"curies":[{"name":"wp","href":"https:\/\/api.w.org\/{rel}","templated":true}]}}